-5
Let k(i) = i - 1 + 0*i + 4*i - 4*i. Determine k(-4).
-5
Let x = -263/6 - -44. Let z(r) be the second derivative of 0*r**2 + 7/20*r**5 + x*r**3 + 0*r**4 - r + 0. Calculate z(-1).
-8
Let p be ((-2)/4)/(3/(-36)). Let k(z) = -z**2 + 5*z + 4. Let a be k(p). Let m(v) be the third derivative of -v**4/24 - 3*v**2. Determine m(a).
2
Let f(r) = -11*r + 1. Suppose -4*b + n = 9, -7*n + 3*n + 24 = -4*b. Calculate f(b).
12
Suppose 5*u + 15 = -5*n, 2*u - 4*n = -5 + 29. Suppose -5*j - u*b = -5, 3*b = -2*j - 4 - 5. Let g(m) = 1 - m - 1 - j - 1. What is g(-5)?
1
Let a(i) = 2 - 5 - 2*i + i**2 + 2. Let w(z) be the third derivative of -z**6/120 - z**5/15 - z**4/24 - z**3/6 - 2*z**2. Let y be w(-4). What is a(y)?
2
Let i(v) = -v**2 + 2*v + 3. Let b be (-81)/(-6) - 6/4. Suppose -2*t + 6*t + b = 0. Calculate i(t).
-12
Let l(t) = t**3 + 4*t**2 - 1. Let u be l(-3). Let a(d) = -d + 1. Let v be a(u). Let h(n) = -n**2 - 6*n + 2. Calculate h(v).
-5
Suppose 5*p + 4*d - 3 = 7, 5*p + 3*d = 10. Let o(c) = -2*c - 2. Give o(p).
-6
Suppose 3 = 3*t + 12. Let g be 3 + (2 - 3) + 1. Let j(r) = -3*r - 2. Let h(o) = 4*o + 2. Let c(l) = g*j(l) + 2*h(l). Determine c(t).
1
Let j(i) = 5 - 4*i + 4 - 3. Determine j(4).
-10
Let a(c) = c**2 - 2*c + 1. Suppose -5*z = -60 - 5. Suppose 0 = -2*m + 5*j - z, -3*j + 7 = m - 3*m. Calculate a(m).
0
Let n(k) be the second derivative of k**5/10 - k**4/6 - k**3/3 + k**2/2 + k - 39. What is n(2)?
5
Let z(k) be the first derivative of -k**2/2 - k - 25. Calculate z(5).
-6
Let a(w) = 9*w + 2*w**2 - 3 + 0*w - w**2. Let m be (-6)/14 + (-60)/7. Let l be a(m). Let o(q) = -q**3 - 3*q**2 - 3. What is o(l)?
-3
Let c(b) = -12*b**3 + 7*b**2 - 5*b. Let i(t) = 24*t**3 - 15*t**2 + 11*t. Suppose 12 = 6*x - 4*x. Let v(a) = x*i(a) + 13*c(a). Give v(-1).
12
Suppose k - 2 = -6. Let s(l) = -l**2 - 2*l - 2. What is s(k)?
-10
Let j = 20 + -17. Let x(a) = a**3 - 6*a**2 + 3*a + 2. Let k(d) = -2*d**3 + 13*d**2 - 7*d - 5. Let g(n) = 3*k(n) + 7*x(n). What is g(j)?
-1
Let d be (4/2)/(2/12). Suppose -4*h - 3*s = 9, -h + 6*s - 2*s + d = 0. Let r(z) = -z**3 + 9. Calculate r(h).
9
Let p be (1 + 2 + -1)/(-2). Let i = -1 - p. Let o(t) = 3 - t**2 + 4 + 0*t**2. What is o(i)?
7
Let b(f) = 2*f**2 + 4*f + 3. Let w(v) = v**3. Let a(s) = b(s) + w(s). Give a(-2).
-5
Let u = -2 + 4. Let c = 6 - u. Let w(m) = m**3 - 5*m**2 + 2*m + 1. What is w(c)?
-7
Let n = -2 - 1. Let j(m) = -m**2 - 4*m - 4. Let k be j(n). Let d(v) be the second derivative of -5*v**3/3 - v**2/2 + 8*v. Give d(k).
9
Let x(c) = -c**2 + 7*c + 8. Let d be x(8). Let j(w) = -1 - 1 + w**2 + 3*w + d + 4. Calculate j(-2).
0
Let q(r) = -2*r**2 + 7*r - 5. Let k(s) = -s**2 + 3*s - 2. Let o(p) = 5*k(p) - 2*q(p). Let x(m) = -m + 7. Let u(h) = -o(h) - x(h). Determine u(0).
-7
Suppose 4*i - 4*r = 24, -4*i - r = 4*r + 12. Let z(v) = -2 + v**2 + i*v - 2*v. Let c = -5 + 2. Give z(c).
7
Let a(y) be the third derivative of y**6/120 + y**5/10 + y**4/24 + y**3/2 - 2*y**2. Determine a(-6).
-3
Let g(c) = c**3 - 8*c**2 - 8*c - 11. Let u be g(9). Let b(m) = -m**2 - m - 1. What is b(u)?
-3
Let w = 4 + -3. Let b(o) = -2*o**2 - 2*o - 3 + w + 4. Determine b(-2).
-2
Let s(f) = -3*f**3 + 8*f**2 - 7*f - 2. Let h(k) = 2*k**3 - 4*k**2 + 4*k + 1. Let j(u) = -5*h(u) - 3*s(u). Calculate j(-4).
-3
Let u(b) = -2*b**2 - 3*b + 6. Let x(p) = p**2 + 3*p - 1. Let t be x(-2). Let j(q) = q**2 + 3*q - 6. Let f(i) = t*j(i) - 2*u(i). Determine f(4).
10
Let p(g) = -g**2 + 2*g + 2. Let s = 11 - -23. Suppose 0 = 5*b - s + 4. Suppose -4 = b*j - 4*j. Calculate p(j).
-6
Suppose 0*j = 5*j - 10. Suppose j*l + 5 = l. Let i(o) = o. Let r(g) = -5*g - 4. Let b(y) = -3*i(y) - r(y). Calculate b(l).
-6
Let d(l) = -l**2 + l + 1. Let k be 0 - (-4 + 2 + 1). Let f be 4 + k*(-2 - -1). Determine d(f).
-5
Let d(x) = x**2 - 8*x + 4. Let r = -13 - -18. Calculate d(r).
-11
Let r(a) be the third derivative of a**5/60 + a**4/24 - 5*a**3/3 + 5*a**2. What is r(0)?
-10
Let f = -8 + -1. Let q(x) = x + 14. Let l be q(f). Let d(v) = -v**3 + 6*v**2 - 5*v. What is d(l)?
0
Let o(u) = -3 - 2 - 2*u + 3. Let g be (14/(-3))/(2/(-6)). Suppose 4*v - 2*v - 4 = 4*b, 5*b = -2*v - g. Calculate o(v).
2
Let l(y) = y**3 - 6*y**2 + 5*y - 3. Suppose 6 = -m - 3*c, m - 3*c - 18 = 2*c. Suppose -m*i + 12 = -3. Determine l(i).
-3
Let m(a) = a**2 - 5*a. Suppose -12 = -7*b + 4*b + 2*i, -6 = -3*b + 4*i. Calculate m(b).
6
Let n(r) = 5*r. Let j = 17 - 11. Suppose 4*d = d + j. Give n(d).
10
Suppose g + 3*d - 12 = -d, g + 5*d - 14 = 0. Let q(f) = 3*f - f**2 - 3 - 3 + g - f**2. Let i = -4 + 6. Give q(i).
-4
Let b(a) = a**2 + a + 4. Let i(k) = k**2 - k - 1. Let j(y) = b(y) + 3*i(y). Give j(1).
3
Let p(n) = 2*n - 2. Let r(l) be the second derivative of -l**2 + 0 + 1/6*l**3 + 4*l. Let j be r(6). What is p(j)?
6
Let t(o) be the third derivative of -7*o**4/12 + o**3/6 + 2*o**2. Determine t(-1).
15
Let q(t) = 10*t - 6. Let n(p) = 9*p - 5. Let f(a) = 7*n(a) - 6*q(a). Let c be (1 - 3)/((24/4)/3). Calculate f(c).
-2
Let p(y) be the first derivative of 1/2*y**2 + 1/60*y**5 + 0*y - 1 - 5/6*y**3 - 1/6*y**4. Let i(k) be the second derivative of p(k). Determine i(4).
-5
Let o(u) be the second derivative of 1/6*u**3 - 1/2*u**2 - 6*u + 0 - 3/4*u**4. Let n be (-1)/(-4) + 6/8. Calculate o(n).
-9
Let z(o) = -3*o**2 + 7 - 11*o + 8*o + 2*o**2. Let x be 5*-1 - (-1 + 1). Give z(x).
-3
Let l(b) = b**2 + 10*b + 11. Let z be l(-9). Let d(f) = 6*f + f**3 + 2 - 7*f + 0*f + f**2 - 5*f**z. Give d(3).
-10
Let o(j) = j - 6. Let i be o(8). Let p(w) = 3*w + 0*w**2 - 1 + 0 - 2*w**i - 2. What is p(2)?
-5
Suppose 3*t - 144 = -t. Suppose -3*x + 7*x - t = 0. Suppose 4*b - b + x = 0. Let p(v) = -v**2 - 5*v - 4. Calculate p(b).
2
Let o be (21/35)/((-2)/10). Let r(l) = 3*l + 4. Calculate r(o).
-5
Let t = 59 - 63. Let h(p) = -p**2 - 4*p + 1. Determine h(t).
1
Let k(v) = -v**3 + 3*v**2 - 4*v + 2. Let q = -38 + 40. Give k(q).
-2
Let b(a) be the second derivative of a**8/6720 - a**7/840 + a**6/720 + a**5/40 - a**4/2 + 6*a. Let w(k) be the third derivative of b(k). Calculate w(3).
6
Let s(l) = 2*l**2 + 4*l - 9. Let m(d) = d**2 + 5*d - 8. Let p(y) = 3*m(y) - 2*s(y). Let o = 1 - -5. Give p(o).
0
Let p(s) = s**2 - 2*s. Suppose -3*f + 14 - 20 = 0. What is p(f)?
8
Let o(v) = -2*v - 1. Let r be o(-1). Let t(y) = 3*y - 1 - 1 + r. Let w = -3 + 4. Calculate t(w).
2
Let a = 1 - -3. Let m(s) = -a*s + 10 - 8*s + 0. Let x(h) = -4*h + 3. Let j(p) = -2*m(p) + 7*x(p). Determine j(-1).
5
Let t(l) = 10*l**2 + 6*l + 1. Let b(p) = -21*p**2 - 13*p - 2. Let f(m) = 6*b(m) + 13*t(m). Let z = 2 - 5. Let a be (2 + z)*(-3 + 4). Give f(a).
5
Let c(m) = -m**3 - 7*m**2 + m + 9. Let x be c(-7). Let o(r) be the first derivative of 0*r**2 + 1/3*r**3 + x*r + 1. Give o(0).
2
Let x(p) = -2*p**2 + 4*p + 2. Let a(s) be the second derivative of 5*s**4/12 - 4*s**3/3 - 5*s**2/2 + 9*s. Let n(y) = -3*a(y) - 7*x(y). What is n(-3)?
4
Let m(u) be the second derivative of 3*u**5/20 - u**4/12 + u**3/3 - u**2/2 + 4*u. Let x = 1 - 0. Give m(x).
3
Let v(z) be the first derivative of z**2 + 2*z + 3. Give v(-3).
-4
Let j(g) be the second derivative of g**4/12 + g**3/2 - 3*g**2/2 - 39*g. Calculate j(-5).
7
Let u(z) = 28 + 2*z - 26 - 2*z - 5*z. Let c be (-6)/(-4) - (-27)/18. Determine u(c).
-13
Let y(p) = -25*p. Let z(k) = -6*k. Let w(q) = -2*y(q) + 9*z(q). Give w(2).
-8
Let x(k) = k**3 + 5*k**2 - k + 5. Suppose 7 = -8*w - 33. Give x(w).
10
Let v(w) = -6*w + 3. Suppose 5*b = 9 + 6. Suppose b*t - 4 = 2. What is v(t)?
-9
Let p(y) = 13*y - 1. Let h(f) = -7*f + 1. Let a(i) = 11*h(i) + 6*p(i). Let q = -7 - -7. Determine a(q).
5
Suppose 8 + 2 = 2*i. Suppose m + 3*z - 4 = 4*z, z + 5 = 0. Let a(q) = -1. Let f(o) = o - 6. Let y(h) = i*a(h) + m*f(h). Determine y(0).
1
Let d(c) = c**2 + 6*c - 4. Let h be d(-7). Suppose 7 + 3 = -z + 5*s, -34 = -5*z - h*s. Let m(i) = -i**3 - 5 + 1 - 2*i - z*i**2 - 3. Give m(-5).
3
Let v(y) = -y**3 - y**2 - y. Suppose 3*t - t + 4 = 0. Determine v(t).
6
Let t(a) = -5*a - 2. Let b(o) = -7*o - 1. Let r(i) = -i. Let g(n) = b(n) - 3*r(n). Let s(y) = 4*g(y) - 3*t(y). Give s(4).
-2
Suppose -13 = -4*w - 5. Let a(c) = 2 + 2*c**2 - 5 + 3*c - c**w. Determine a(2).
7
Let c(h) be the second derivative of 7/6*h**3 - 7/12*h**4 + 4*h**2 - 6*h + 0 + 1/20*h**5. What is c(6)?
14
Let c(l) be the third derivative of 0*l + 1/60*l**5 - 3*l*